uppose 0 = 33*q - 137477 - 82369. List the prime factors of q.
2, 3331
Let x(d) = -d**2 - 15*d - 36. Let q be x(-12). Suppose q = 54*c - 58*c - 180. Let t = -2 - c. List the prime factors of t.
43
Let l(j) = -2*j + 8. Let k be l(4). Suppose k*h + 3*h = 174. Suppose n - 76 = 5*v, -n - 5*v + 4*v = -h. List the prime factors of n.
61
Let c(u) = -u**3 + 3*u**2 + 23*u + 22. Let i be c(-5). Suppose 0*d = -d - 15. Let g = i + d. List the prime factors of g.
2, 23
Let u(h) = -1098*h + 1026. List the prime factors of u(-6).
2, 3, 47
Let t be ((-3)/(-2))/((-12)/(-32)). Let m(n) = 31*n + 22. Let w(d) = 125*d + 94. Let v(b) = 9*m(b) - 2*w(b). What are the prime factors of v(t)?
2, 3, 7
Suppose 0 = -2*t + 32 - 16. List the prime factors of (-94 + t)*1*1/(-2).
43
Let y = 160 - 157. Suppose -2*a + 380 = y*j, 0 = 2*j - 3*j + 4*a + 150. What are the prime factors of j?
2, 5, 13
List the prime factors of (-1 + 6)*(-4)/(60/(-47553)).
11, 131
Suppose -5*i + 2 - 1 = -j, 6 = -2*i. Let d be 3 - j/4 - 3 - 2. List the prime factors of (d/(-16))/1 - 19964/(-224).
89
Let j = 19537 + -12704. List the prime factors of j.
6833
Let w be 290 - -4 - (2 - 2). Suppose -3*t - w = -h, -5*h + 2*t + 889 = -2*h. List the prime factors of h.
3, 11
What are the prime factors of ((-221964)/156 + 2/(-13))/(38/(-76))?
2, 1423
Let l = 6027 + 34137. List the prime factors of l.
2, 3, 3347
Suppose 25672 = 4*j - 4*a, -10*j + 67663 - 3495 = 2*a. What are the prime factors of j?
3, 23, 31
Let f = -5029 - -8504. What are the prime factors of f?
5, 139
Suppose -2*u + 5334 + 8332 = -2*a, -a = 5*u - 34183. List the prime factors of (-2)/14 - u/(-28).
2, 61
Let r(s) = -190*s**2 + 181*s**2 + 29*s - 7 + 0*s**3 - s**3. What are the prime factors of r(-13)?
2, 73
Let m = -37719 - -88687. List the prime factors of m.
2, 23, 277
Suppose 132 = -4*c + 12. List the prime factors of (692/(-10))/(c/75).
173
Let m(k) = -12*k**3 - 2*k**2 + k + 2. Let u be m(2). What are the prime factors of 10/u*6 - 1003/(-5)?
2, 5
List the prime factors of 2/((-1)/(-135)*36/984).
2, 3, 5, 41
Let g(c) be the third derivative of -3*c**4/8 + 3*c**3/2 - 158*c**2 + 1. Let w(r) = -r**3 + 8*r**2 - 9*r + 6. Let b be w(7). What are the prime factors of g(b)?
3
Let o = -58 + 128. Let s = o + -58. List the prime factors of s/(-18) + 1012/6.
2, 3, 7
What are the prime factors of (-20)/(-4) + 1 + (20993 - 15)?
2, 43, 61
Let v = -2764 + 6231. Suppose o = 0, 5*u - v = -3*o + 2368. What are the prime factors of u?
3, 389
Suppose -4*l = -6 + 22. Let j be l - (-4 - (74 - 2)). Let b = j + 80. What are the prime factors of b?
2, 19
Suppose -1412 = 2*k - 0*m - 5*m, 3*k + 2125 = 4*m. Let q = 358 - k. What are the prime factors of q?
1069
Let c = -58 - -30. Let d be (-105)/c - 1/(-4). Suppose 4*j - 468 = -0*m - 2*m, -d*m = -2*j + 244. What are the prime factors of j?
2, 59
Suppose 0 = -13*o + 10*o + 12. Let x(c) = -27*c - o*c + 43 - 34. List the prime factors of x(-3).
2, 3, 17
Suppose -5*v + 9399 = 8*v. Suppose 0*s + v = 3*s. List the prime factors of s.
241
Let r(q) = 7*q**2 + 48*q - 1060. List the prime factors of r(28).
2, 3, 13, 37
Let f = 64 - 9. Let l(d) = d**2 - 6. Let p be l(-7). Let k = f - p. What are the prime factors of k?
2, 3
Let f be 747/153 + 6/51. Suppose 7*o - 5*o + f*c - 3113 = 0, 0 = 2*o - 5*c - 3083. What are the prime factors of o?
1549
Let l(i) = 656*i**3 - 3*i**2 + 2*i + 1. Let b = -54 - -55. Let t be l(b). List the prime factors of (-9)/2*t/(-24).
3, 41
Let l be 4*(0 - (-2)/2). Suppose t + 3*s = 2*s + 7, -4*t + 2*s = -l. Suppose -5*a = -t*a - 86. What are the prime factors of a?
43
List the prime factors of 34/(-2) - 1842093/(-207).
2, 4441
List the prime factors of (6451/4)/(1314/72 + -18).
6451
Suppose -4*d = -5*d - 277. Let r = 416 + d. Suppose -r = -4*a + 21. What are the prime factors of a?
2, 5
Let h(a) = 8*a - 15. Let v be h(8). Let u = 25 - v. What are the prime factors of (43/3)/(3 - u/(-9))?
43
Suppose -5*n + 15 + 5 = 0. Let f(y) = y - 1. Let q be f(n). What are the prime factors of q/(-7) + 720/14?
3, 17
Let r(x) = -4*x**2 + 0*x**2 - 10*x + 16 - 25 + 26 + 3*x**2. Let d(h) = h. Let b be d(-11). List the prime factors of r(b).
2, 3
Suppose 21*t = 2389 + 10757. Let r = -206 + t. What are the prime factors of r?
2, 3, 5, 7
What are the prime factors of (-239622)/(-10) + (-16)/(-64) + 11/20?
31, 773
Let p(h) = -2*h**2 + 1. Let d(j) = 57*j**2 + j - 7. Let y(g) = d(g) + 6*p(g). List the prime factors of y(3).
11, 37
What are the prime factors of -12 + 3*18660/9?
2, 97
Let u = 19 - -63. Suppose -u + 476 = 2*m. What are the prime factors of m?
197
Suppose 2*r - 1390 = -4*m, -m = -0*r + r - 694. Let g = -130 + r. Suppose 48 - g = -5*a. List the prime factors of a.
103
Let j = 831 + 1057. Let p = j + -556. List the prime factors of p.
2, 3, 37
Suppose 6*u = -u + 784. Let b = 115 - u. Suppose -11 = 2*s - b*s. List the prime factors of s.
11
List the prime factors of ((-1044)/10)/((-100)/12750) - 8.
53, 251
Let x(d) = -d**2 - 22*d - 34. Let r be x(-16). Suppose 2*m + 0*f - 2*f - 130 = 0, 3*m - 190 = 2*f. Suppose -r*j = -m*j - 186. What are the prime factors of j?
3, 31
Let z(k) = -k**2 - 7*k - 19. Let x be z(-7). Let p(b) = -b - 4. Let c be p(x). Suppose -800 = -c*m + 2290. List the prime factors of m.
2, 103
Suppose 0 = -2*g + 5*n + 72, 5*g - n - 153 = -2*n. Suppose 0 = -4*j + o + 1381, 3*j + 26*o - g*o - 1057 = 0. What are the prime factors of j?
2, 43
Let z(h) = -2*h + 16. Let r be z(6). Suppose 0 = r*w - 11 - 1. Let q(p) = 10*p + 1. List the prime factors of q(w).
31
Let z = 76 + -74. Suppose 346 = -z*w + 4*w. What are the prime factors of w?
173
List the prime factors of ((-135)/12)/15 + 82046/8.
5, 7, 293
Let a(y) = 18*y**2 + y. Let g be a(1). Let t(u) = 22 - 31 - 12 + g*u - 27. List the prime factors of t(8).
2, 13
Suppose -12794 = -13*p + 15786 + 40216. List the prime factors of p.
2, 3, 7
Let l be ((-36)/(-10))/(((-3)/70)/1). Let t = l - 90. Let z = 327 + t. List the prime factors of z.
3, 17
Let h(c) be the third derivative of -c**5/60 + 5*c**4/6 + 16*c**3/3 + c**2 - 132*c. What are the prime factors of h(19)?
3, 17
Let b = -59015 - -103958. List the prime factors of b.
3, 71, 211
Suppose -5*c - 2*g + g = -44, -40 = -4*c + 4*g. Let k = -203 - -208. Suppose -32 = -c*w + k*w. List the prime factors of w.
2
Let h(j) = -j**2 + 37*j + 163. Let p be h(41). Let n(d) = 128*d**2 - 1 + d - 1 + 3. What are the prime factors of n(p)?
2
List the prime factors of (-3)/(-4)*((-335508)/(-36) - 21).
2, 11, 317
Suppose 0 = -10*t + 7*t - 18. Let m be (2/t)/(7/(-651)). Suppose -34*s + m*s + 216 = 0. What are the prime factors of s?
2, 3
Let j = 43994 + -24080. List the prime factors of j.
2, 3, 3319
Let t be (-2)/((-3 - (-18)/4) + -1). Let a be t*(2 + 15/(-6)) + 3. Suppose 8*m - a*m - 168 = 0. What are the prime factors of m?
2, 7
Suppose 0 = 4*v - 17*v + 11662 + 11465. What are the prime factors of v?
3, 593
Let j = 12101 + -9606. List the prime factors of j.
5, 499
Let h be 40/3*(-30)/(-8). Let y be (1 + 1)/((-20)/h). Let z(m) = -m**3 - 3*m**2 - 2*m - 4. What are the prime factors of z(y)?
2, 7
Let z = 72 + -28. Let b = z + -42. What are the prime factors of (-68)/(b - 3) + -1?
67
Let z = -28 - -37. Let w = z + -5. Suppose -c + w*c + 5*i = 56, -32 = -c + i. What are the prime factors of c?
3
Let s(g) = -9*g - 41. Let x be s(-5). What are the prime factors of x/(3/282*4)?
2, 47
Suppose -2*f - 137 + 65 = 0. Let h = f + 39. Suppose 280 = h*u + 13. What are the prime factors of u?
89
Suppose 284 = -72*b + 74*b. Suppose -2318 = -8*o - b. List the prime factors of o.
2, 17
Let w(c) = 3 - c**3 + 3*c**2 - 7 - 6*c**2 + 2*c - 2. Let i be w(-3). Let o(l) = 3*l**2 + 30*l + 7. List the prime factors of o(i).
79
What are the prime factors of (27/15)/(-9) - ((-929328)/30)/8?
2, 11
Let q be 6*10*8/(-12) - -2. Let a = q + 464. List the prime factors of a.
2, 3, 71
Let a(w) = -1595*w + 6178. What are the prime factors of a(-5)?
14153
Let q = 23 - 13. Let x(f) = -f**2 + 19*f**3 - 2 - f**2 - 3*f**2 + 7*f - 5*f**2 - 18*f**3. List the prime factors of x(q).
2, 17
Suppose -24781 = -3*n + 22*r - 27*r, 2*n - 16517 = -7*r. What are the prime factors of n?
2, 3, 17
Let m = 262 - -18. What are the prime factors of (-8)/((-32)/(-28)) + m?
3, 7, 13
Let f = 6